1) + 1/2*34. Is (-14)/133 + 31485/r a composite number?
False
Is (24489/(-36))/((-6)/8) a composite number?
False
Suppose -i - 4*i = -25. Let h = 520 - 373. Suppose i*f - 140 = -5*u, -u - 3*f = -5*u + h. Is u a composite number?
True
Is (-6634)/(-4) + 9/(-6) composite?
False
Is -3 - -6 - 35868/(-6) prime?
True
Is 0 + 4/20 + (-88770)/(-25) a prime number?
False
Let l = -16 + 17. Let h(w) = w**3 + 2*w**2 - w. Let m be h(l). Is (-10325)/(-49) - m/(-7) composite?
False
Suppose -10*h - 3*v = -13*h + 6, 2*h - v - 2 = 0. Suppose 0 = -0*m - 2*m + 5*p + 11699, h = -p - 1. Is m composite?
True
Let c be 250/20*4*-1. Is (-17330)/c*(-1 - (-7 + 1)) a prime number?
True
Suppose 3*c - 4227 - 4355 = g, 2*c - 5727 = -5*g. Is c composite?
False
Let k(f) = -1157*f - 6. Let o be 4 + (-7 - -4) - 2. Is k(o) composite?
False
Suppose 0 = -5*l - 20, 5*x - 4*x + 8 = -3*l. Let y be (2 - (0 + x)) + -4. Let t(w) = 36*w**2 - 8*w - 7. Is t(y) a composite number?
True
Let m(z) = 554*z**2 + 16*z + 49. Is m(-3) a composite number?
False
Suppose -4*t - 2*d - 30 - 56 = 0, 5*d = 4*t + 93. Let z be (-3970)/(-55) - (-4)/t. Suppose -318 = -2*r - z. Is r prime?
False
Is ((-62)/(-4) - 1)*82 a composite number?
True
Let n(j) = 2*j**3 + 2*j**2 + 2*j + 3. Let v = 4 + -6. Let b be n(v). Is 3/(-2)*156/b prime?
False
Let z = 82 - 122. Is (-4)/(z/2235) + 2/(-4) a composite number?
False
Let g(o) = 29*o**2 - 49*o - 7. Is g(-13) prime?
True
Let p(o) = 25247*o**2 + 2*o + 2. Is p(-1) composite?
False
Let h(u) = 20*u**2 + 4*u + 9. Let i = 24 + -18. Is h(i) composite?
True
Let a = 28289 + -20020. Is a a prime number?
True
Let a(s) = 7*s + 27. Is a(6) a prime number?
False
Let h(i) = 3*i**2 + 16*i + 5. Let j be h(-5). Let n(y) = y**3 + 7*y**2 - y + 2. Let c be n(-6). Suppose j = 2*w - 0*w - c. Is w composite?
True
Let v(d) = -d**3 + 4*d**2 + 14*d - 1. Let f be v(6). Is (f - -137)*2/4 composite?
True
Suppose i + 0 = -14. Let o = i + 15. Is (44 - -9)/(o - 0) a prime number?
True
Let k(j) = -j**3 - 4*j**2 + 4*j - 5. Let r be k(-5). Let d(b) = 4*b + 399. Let f be d(r). Let h = f + -176. Is h a composite number?
False
Let p(i) = -15*i + 4. Let j be p(-4). Suppose 2*m + 2*m = -o - 64, 0 = -m + o - 21. Let x = m + j. Is x a prime number?
True
Let i(n) = 6*n - 7. Let g be i(3). Let a(j) = 34*j + 33. Is a(g) a prime number?
False
Suppose 0 = -6*b - 2104 + 17878. Is b a prime number?
False
Suppose 187 = 9*h - 56. Suppose 4*s - 7*s + h = 0. Let o(d) = -d**2 + 13*d + 1. Is o(s) a prime number?
True
Let r(b) = -7313*b**3 + 20*b**2 - 2*b - 8. Let u(d) = -2438*d**3 + 7*d**2 - d - 3. Let f(t) = 4*r(t) - 11*u(t). Is f(-1) a composite number?
True
Suppose 19*t - 12*t = 5033. Is t prime?
True
Let n(m) = -8*m**3 + 10*m**2 + 7*m + 10. Let v(s) = -7*s**3 + 11*s**2 + 7*s + 11. Let d(o) = -5*n(o) + 6*v(o). Is d(7) composite?
False
Suppose 5*j - 48717 = -16*l + 14*l, 5*j - l - 48729 = 0. Is j a prime number?
False
Suppose -3*r + 0*r - 27 = 0. Let h(b) = -b**3 - 7*b**2 - 11*b - 8. Is h(r) prime?
False
Suppose 6*z - 1012 = 1262. Is z a composite number?
False
Suppose 10*a = -158759 + 467389. Is a composite?
True
Suppose -8 = -3*u - t, -4*u - 16 = t - 5*t. Let b be (-3)/u + 829/1. Suppose -v - 4*l + 379 = 0, -3*v + b = l - 344. Is v a prime number?
False
Let c(y) = 8*y - 4. Let h be c(6). Let k = h - 30. Is k composite?
True
Is ((-1)/(-2))/((-11)/(-246334)) a composite number?
False
Is ((-710586)/36)/(3/(-2)) composite?
False
Let a(i) be the second derivative of -208*i**3 + i**2/2 - 33*i. Is a(-1) prime?
True
Let u(n) = -2*n - 18 + 3*n**2 + 17 - 3*n. Let t be 1/(-3) + (-11)/3. Is u(t) composite?
False
Let q = -62 - -66. Is 2579/((-5)/((-20)/q)) a prime number?
True
Suppose -2*a + 0*a + 3818 = 2*d, 0 = d + 5*a - 1913. Suppose 3*w = -2*j + 958, 4*j + 0*j + 4*w = d. Suppose j = 4*f - 179. Is f prime?
True
Let h(q) = 3*q**3 + 43*q**2 - 35*q - 31. Is h(-14) prime?
False
Let r be (23 + -2)/(-1 + 2). Let i = -17 + r. Is i prime?
False
Is 33045/7 - (20/(-35))/2 prime?
True
Let z(j) = 11*j**2 - 51*j - 39. Is z(-31) prime?
True
Suppose -448*c + 458*c - 91510 = 0. Is c a composite number?
False
Suppose -5*n - 2*j = -3*j + 7, 5*j = n + 11. Let s(q) = 47*q**2 + q. Is s(n) a prime number?
False
Let q be 4/(2 - -2) + 6. Suppose q*u - 11*u = -9404. Suppose 0 = -3*v - 2*b + u, -v = 4*b + 307 - 1074. Is v composite?
False
Let i(n) = 329*n**3 + 6*n**2 - n - 7. Is i(2) prime?
True
Let q(p) = 18*p**2 - 21*p - 169. Is q(-20) composite?
False
Let b(c) = -c**2 - 8*c + 11. Let o be b(-9). Suppose d + o*d = 597. Is d a prime number?
True
Let d(x) = -x - 4. Let v be d(-6). Suppose 3*h + 0*r = -r + 26, 0 = -3*h + 2*r + 20. Is 19/v*(-4 + h) a composite number?
True
Let z = 24 - 18. Let b(h) = 5*h**3 - 3*h**2 + 5. Is b(z) prime?
True
Let h be (2/5 - 522/30)/(-1). Suppose 14*t + 1869 = h*t. Is t a prime number?
False
Suppose 5*n = -5*o + 9*n + 82239, 3*n = -3. Is o prime?
True
Is -183*(-4 + 835/(-15)) prime?
False
Suppose 0 = -4*p - 8*p + 48. Suppose -p*i + 1936 = 4*v, -i + 469 = -0*i - 4*v. Is i a prime number?
False
Let g = -96 + 144. Suppose -2*n = g - 16. Let z = n + 53. Is z a composite number?
False
Let k(a) = 234*a**2 + 2*a + 1. Is k(2) a prime number?
True
Let y(g) = -425*g + 21. Let j(k) = 426*k - 20. Let c(a) = 2*j(a) + 3*y(a). Is c(-8) a composite number?
False
Let n = -147 - -145. Let r(b) be the second derivative of -41*b**3/3 - b**2/2 + b. Is r(n) composite?
False
Suppose y = 6*y - 20. Suppose 0 = y*b - 6 + 18. Let o(t) = -2*t**3 - 3*t**2 - 2. Is o(b) prime?
False
Suppose 110*o + 384312 = 134*o. Is o prime?
False
Suppose -5*b + 22907 = 4*i, 5*i - 3*b - 10490 = 18116. Is i composite?
True
Let d be -1*5 - (6 + -5). Let u be d/10 - (-463)/5. Let g = u + 129. Is g a composite number?
True
Suppose 20 = -2*g + 5*v, -3*g + 5*v - 30 = -10. Let w be 0 - (g - 2) - 0. Let y(l) = 10*l**3 + 3*l**2 - 2*l + 1. Is y(w) a composite number?
False
Suppose 5149 = d - 4*v, v - 22667 + 7168 = -3*d. Is d prime?
False
Let s(q) = -q**3 + 86*q**2 + 42*q - 256. Is s(51) a composite number?
False
Suppose -58*a - 1782171 = -6208557. Is a prime?
False
Let k(u) be the third derivative of -u**4/12 - 4*u**3/3 - 8*u**2. Let c be k(-5). Suppose -4*i = -c*q - 2*i + 110, 2*q + i = 110. Is q prime?
False
Is ((-6)/(-18))/((-6)/(-222606)) a composite number?
True
Let o(y) be the second derivative of 349*y**3/6 - y**2 - 14*y. Is o(1) composite?
False
Let y = 2939 - -3200. Is y composite?
True
Suppose -2*v - 5*v + 4298 = 0. Let c = -49 + v. Is c prime?
False
Let l = 33 + -34. Is l + 2 + 1 - -485 a composite number?
False
Is (-72816)/32*4/(-6) a prime number?
False
Suppose -k - 2*n - 842 = 0, -1781 + 72 = 2*k - n. Is k/(-10) - (-1)/(-5) a prime number?
False
Is 2791*-7*(99 + -100) a composite number?
True
Let s be (-34)/(-3 - 3074/(-1026)). Suppose 4*u = 5*m - s, -5*m + 3*u + 8689 = 7*u. Is m a composite number?
False
Suppose 0 = 5*c + 2*g - 23525, 2*g = 3*c - 4898 - 9201. Is c prime?
True
Let j(r) = -4*r + 14. Let g(c) = -2*c + 7. Let d(x) = 7*g(x) - 3*j(x). Let k be d(5). Is (-43)/(2 + k/1) a prime number?
True
Let i(u) = 773*u - 220. Is i(9) composite?
False
Let f be 1/2*(2 + -10) + 6404. Suppose -f = -7*k + 53541. Is k a prime number?
True
Let r be ((-2092)/(-8) + -1)*(4 + -2). Suppose 0 = -56*c + 55*c + r. Is c a prime number?
True
Let n(s) = s**3 + 5*s**2 + 8*s + 8. Let m be n(-4). Let q = m - -11. Is 2 + 37 + (q - 5) composite?
False
Let k(l) = l**2 - 3*l + 10. Let q(f) = f**2 - 4*f + 9. Let a(v) = -2*k(v) + 3*q(v). Let r be a(7). Suppose -w = 3*i - r, w - 5*w + 4 = -i. Is i a prime number?
False
Suppose -4*k + 29094 = -1318. Is k a prime number?
True
Suppose 0*m = 4*m - 60. Suppose 5*t = 8*t + m. Is 6565/25 - 2/t composite?
False
Is (11 + 4 + -12)/((-12)/(-76484)) composite?
False
Let j(g) be the third derivative of -g**6/120 - g**5/15 - 35*g**4/24 - g**3 - 44*g**2. Is j(-11) composite?
True
Let u(h) = -21*h**2 + 31*h**2 + 2 + 1 + 20*h**2. Is u(2) a prime number?
False
Let m(a) = -521*a - 102. Is m(-5) a composite number?
False
Let y = -25 - -30. Suppose -y*j = -556 - 949. Is j composite?
True
Let a(h) = -h**2 - 3*h - 5. Let f be a(-6). Let s = -22 - f. Let r(c) = 396*c**3 - c**2. Is r(s) a prime number?
False
Suppose u - 2*u - 2 = -l, l + 5*u - 2 = 0. Suppose -l*r = -6*r 